 by 3381.
11
Calculate the remainder when 24210460 is divided by 129.
127
Calculate the remainder when 46141 is divided by 886.
69
What is the remainder when 7400661 is divided by 12?
9
What is the remainder when 3069631 is divided by 2396?
355
Calculate the remainder when 73623 is divided by 24.
15
Calculate the remainder when 1058099 is divided by 23002.
7
Calculate the remainder when 671217 is divided by 29.
12
Calculate the remainder when 91754648 is divided by 1707.
1691
Calculate the remainder when 37279 is divided by 18001.
1277
Calculate the remainder when 5877049 is divided by 420.
409
What is the remainder when 36967693 is divided by 75909?
10
Calculate the remainder when 2185554 is divided by 37043.
17
What is the remainder when 5486 is divided by 3429?
2057
Calculate the remainder when 7708578 is divided by 2796.
6
Calculate the remainder when 209166 is divided by 1433.
1381
Calculate the remainder when 96085 is divided by 990.
55
What is the remainder when 1130840 is divided by 60?
20
Calculate the remainder when 157646 is divided by 1659.
41
What is the remainder when 555164 is divided by 5339?
5247
What is the remainder when 131474014 is divided by 121848?
22
What is the remainder when 390560 is divided by 130127?
179
Calculate the remainder when 3137773 is divided by 137.
62
What is the remainder when 5704 is divided by 2827?
50
What is the remainder when 18814544 is divided by 651?
644
What is the remainder when 107658 is divided by 58?
10
Calculate the remainder when 7231979 is divided by 351.
326
Calculate the remainder when 752153 is divided by 150426.
23
Calculate the remainder when 5295929 is divided by 1397.
1299
Calculate the remainder when 109011941 is divided by 7267462.
11
What is the remainder when 2247645 is divided by 2585?
1280
Calculate the remainder when 89983772 is divided by 1591.
1585
Calculate the remainder when 119952 is divided by 674.
654
Calculate the remainder when 670641 is divided by 149.
141
Calculate the remainder when 5086366 is divided by 13350.
16
What is the remainder when 2698657 is divided by 128507?
10
What is the remainder when 867402564 is divided by 4723?
4722
What is the remainder when 7747999 is divided by 319?
127
Calculate the remainder when 57258 is divided by 27831.
1596
What is the remainder when 847070 is divided by 211753?
58
Calculate the remainder when 31053437 is divided by 320.
317
Calculate the remainder when 131751875 is divided by 179.
178
What is the remainder when 1364923 is divided by 454971?
10
What is the remainder when 1067265 is divided by 151?
148
Calculate the remainder when 10972006 is divided by 1567389.
283
What is the remainder when 8327777 is divided by 915?
362
What is the remainder when 46031705 is divided by 42?
41
What is the remainder when 17343876 is divided by 86?
84
What is the remainder when 308617011 is divided by 1033?
1030
What is the remainder when 9622833 is divided by 4811415?
3
What is the remainder when 106597 is divided by 35520?
37
Calculate the remainder when 146243 is divided by 48690.
173
Calculate the remainder when 437383 is divided by 595.
58
What is the remainder when 492826 is divided by 1202?
6
What is the remainder when 26147 is divided by 25918?
229
Calculate the remainder when 211841 is divided by 2957.
1894
What is the remainder when 2562 is divided by 996?
570
What is the remainder when 2320126 is divided by 6042?
6040
What is the remainder when 17686 is divided by 833?
193
Calculate the remainder when 465377 is divided by 11047.
1403
Calculate the remainder when 4434530 is divided by 9516.
74
Calculate the remainder when 44487205 is divided by 16.
5
What is the remainder when 1336351 is divided by 1305?
31
Calculate the remainder when 13739542 is divided by 9469.
23
Calculate the remainder when 3496877 is divided by 103.
27
What is the remainder when 12371864 is divided by 61?
27
What is the remainder when 27537444 is divided by 21?
18
What is the remainder when 4256532 is divided by 851306?
2
What is the remainder when 553744 is divided by 110742?
34
What is the remainder when 1171378 is divided by 6165?
28
What is the remainder when 1496166 is divided by 14?
0
Calculate the remainder when 105917 is divided by 746.
731
Calculate the remainder when 110481569 is divided by 88883.
0
What is the remainder when 530664144 is divided by 733?
731
What is the remainder when 393486 is divided by 97?
54
Calculate the remainder when 487710 is divided by 114.
18
What is the remainder when 609955 is divided by 318?
31
What is the remainder when 672352 is divided by 704?
32
Calculate the remainder when 48164240 is divided by 26.
20
What is the remainder when 64400831 is divided by 576?
575
Calculate the remainder when 35707 is divided by 34547.
1160
What is the remainder when 2093505 is divided by 1046748?
9
Calculate the remainder when 170127 is divided by 614.
49
What is the remainder when 709140 is divided by 45?
30
What is the remainder when 4969887 is divided by 11?
10
What is the remainder when 13230835 is divided by 129714?
7
What is the remainder when 725032 is divided by 42642?
118
Calculate the remainder when 357631 is divided by 34.
19
What is the remainder when 81446666 is divided by 103490?
36
Calculate the remainder when 228695 is divided by 396.
203
Calculate the remainder when 173144 is divided by 100.
44
Calculate the remainder when 766946 is divided by 255624.
74
What is the remainder when 129397136 is divided by 1902899?
4
What is the remainder when 505371 is divided by 100708?
1831
Calculate the remainder when 2743494 is divided by 30482.
114
What is the remainder when 21048056 is divided by 69237?
8
Calculate the remainder when 4584336 is divided by 104189.
20
What is the remainder when 1853170 is divided by 22327?
29
What is the remainder when 277974265 is divided by 30?
25
Calculate the remainder when 229167087 is divided by 16.
15
Calculate the remainder when 17354337 is divided by 2892388.
9
What is the remainder when 213431 is divided by 11755?
1841
Calculate the remainder when 153584 is divided by 1688.
1664
What is the remainder when 65629 is divided by 4707?
4438
What is the remainder when 79231028 is divided by 2160?
68
Calculate the remainder when 18215 is divided by 1026.
773
Calculate the remainder when 237301 is divided by 38421.
6775
Calculate the remainder when 820975 is divided by 166.
105
Calculate the remainder when 79674792 is divided by 328.
312
What is the remainder when 2392150 is divided by 1580?
30
Calculate the remainder when 441895 is divided by 5739.
5731
Calculate the remainder when 1308002 is divided by 26160.
2
What is the remainder when 2866378 is divided by 115?
3
Calculate the remainder when 3528665 is divided by 4559.
4558
What is the remainder when 46762 is divided by 15348?
718
What is the remainder when 2234472 is divided by 2987?
196
What is the remainder when 364811 is divided by 72208?
3771
Calculate the remainder when 5416325 is divided by 959.
852
Calculate the remainder when 2516702 is divided by 121.
23
What is the remainder when 33423242 is divided by 813?
812
What is the remainder when 1529833 is divided by 1529488?
345
Calculate the remainder when 22921395 is divided by 568.
323
Calculate the remainder when 58736 is divided by 684.
596
Calculate the remainder when 650817 is divided by 72313.
0
What is the remainder when 63526677 is divided by 405?
402
Calculate the remainder when 706034 is divided by 10232.
26
Calculate the remainder when 2789500 is divided by 30.
10
Calculate the remainder when 1338556 is divided by 446157.
85
Calculate the remainder when 1389905 is divided by 20436.
257
Calculate the remainder when 34352757 is divided by 130.
127
What is the remainder when 490637 is divided by 162577?
2906
What is the remainder when 141674 is divided by 20238?
8
What is the remainder when 9616970 is divided by 203?
48
What is the remainder when 21484171 is divided by 1028?
1027
What is the remainder when 202189 is divided by 786?
187
What is the remainder when 103914 is divided by 783?
558
What is the remainder when 49603593 is divided by 21?
18
What is the remainder when 68872 is divided by 16875?
1372
Calculate the remainder when 401916 is divided by 775.
466
Calc